s = 82. What is the units digit of k?
1
Suppose -5*m = -17 + 2. Let x = m - 29. What is the tens digit of (-3 - -1)*481/x?
3
Let a = 7805 - 4611. What is the tens digit of a?
9
Let v(t) be the second derivative of -11*t**3/3 - 41*t**2/2 - 29*t. What is the hundreds digit of v(-9)?
1
Let t = 69 - 66. What is the tens digit of t*3/36 + 1341/12?
1
Let h be (-2)/(-8) - (-85)/(-20). What is the units digit of 386/8 + (85/(-20) - h)?
8
Suppose 2*s - 4*f + 32 = f, 3*f = -5*s - 49. Let i = s + 17. What is the units digit of (i/(-8))/((-2)/8)?
3
Let x(g) = 2*g - 17 + 22 - 5*g. What is the tens digit of x(-5)?
2
Let s(x) = x**3 + 10*x**2 + 4*x + 31. Let v be s(-10). What is the units digit of -21*(v + 2 + 2)?
5
Let j = 5913 - 3772. What is the thousands digit of j?
2
Let o(n) = n**3 + n**2 + 4. Let g be o(0). Suppose 3*j - 50 = -4*l, -j + g*l = -7 - 31. What is the tens digit of j?
2
Let o(p) = 274*p - 42. What is the hundreds digit of o(5)?
3
Suppose 42*t + 3*t - 97965 = 0. What is the hundreds digit of t?
1
Let d = 5890 + -1497. What is the tens digit of d?
9
Let h(i) be the second derivative of 2*i**4/3 + i**3/6 + i**2 - 2*i - 10. What is the units digit of h(-3)?
1
Let s = -113 - -38. Let d = -15 - s. What is the units digit of d?
0
Let l = 12 - 18. Let c = l - -9. Suppose c*q - 113 = -q - b, q = b + 22. What is the tens digit of q?
2
Let r(z) = z**3 + 7*z**2 - 28*z - 23. What is the units digit of r(-9)?
7
Let v = -3 - -7. Suppose -3*p + 11 = -v. Suppose -5*k + 24 + 4 = -3*z, 15 = 2*k - p*z. What is the units digit of k?
5
What is the thousands digit of -1*(-12212)/12 + (-4)/6?
1
Let r = 262 + 567. What is the tens digit of r?
2
Suppose -t - 2*t + 15 = 0. Suppose 0*k + 10 = t*k. Suppose 4*p = k + 30. What is the units digit of p?
8
Let w(d) = 98*d - 61. Let v be w(16). Suppose 4*p = 15*p - v. What is the units digit of p?
7
Suppose 1030 = 3*r + 4*o, -40*r + 686 = -38*r + 3*o. What is the tens digit of r?
4
Let i = -54 + 115. Suppose i = 2*l - 201. What is the units digit of l?
1
Suppose 2*j - 474 = 3*l + 398, -2*j = 3*l - 848. What is the hundreds digit of j?
4
Suppose 5*q - 122 = 393. Suppose 0 = z + 3*f + 40, -4*f = -3*z - 94 - 91. Let r = q + z. What is the units digit of r?
8
What is the hundreds digit of (-136050)/(-66) - 36/99?
0
Let b(a) = 51*a**2 - 21*a - 3. What is the tens digit of b(5)?
6
Suppose 4*a = a - 2*k + 1, -k = -5*a + 19. Let p(h) = 39*h - 3. Let u be p(a). Suppose -3*w + 6*w = u. What is the tens digit of w?
3
Let n(l) = l**3 - 13*l**2 + 11*l + 16. Let a(p) = -p**2 + 8*p - 4. Let k be a(4). Let t be n(k). Let h = 42 - t. What is the tens digit of h?
3
Let b(q) = 2*q**3 - 97*q**2 + 62*q - 27. What is the tens digit of b(48)?
4
Let u = 3607 - 664. What is the thousands digit of u?
2
Suppose 5*f + 10001 = 4*i, 5*i - 4*f + 3*f = 12475. What is the tens digit of i?
9
Let o = 2 + -68. Let i = o + 130. What is the tens digit of i?
6
Let m(f) = -2*f - 47. Let o be m(-17). Suppose -27 - 23 = 5*s. Let z = s - o. What is the units digit of z?
3
Let u(w) = -w + 5. Let c be u(3). Let s(n) = 7*n**2 + n - 4. Let o be s(1). Suppose 2*g = -a + 16, o*a - c*g - 44 = -a. What is the tens digit of a?
1
Let m = 65 + -65. Suppose m = -4*g + 3*g + 93. What is the tens digit of g?
9
Suppose 83*o = 85*o - 5*d - 1471, -o + 768 = 4*d. What is the hundreds digit of o?
7
Let j(q) = 1. Let z(a) = -a**2 + 18*a + 25. Let b(o) = 6*j(o) + z(o). What is the units digit of b(13)?
6
Let l(n) = n**2 - n + 3. Let z be l(0). Suppose 3 = z*u - 0. What is the tens digit of u*-13*(-12)/6?
2
Let r(d) = -d**3 + d**2 + d - 2. Let h be r(2). Let t(s) = 3*s**2 - s + 6. What is the tens digit of t(h)?
5
Let y = 21 - 17. Suppose 114 = y*o - o. What is the tens digit of o?
3
Let h(o) = 12*o + 1. Let v be 30*((-4)/8)/(6/(-4)). What is the tens digit of h(v)?
2
Let f(n) be the third derivative of n**5/60 + n**4/24 + 125*n**3/6 + 23*n**2. What is the hundreds digit of f(0)?
1
Suppose -5*j + s = -3382 - 379, -5*s = 4*j - 3003. What is the tens digit of j?
5
Suppose -7*w = -19*w - 264. What is the hundreds digit of 3890/22 - 4/w?
1
Let j(s) = -3*s**3 + s**2 - 2. Let l be j(1). What is the tens digit of -4*(0 - (2 + (-34)/l))?
4
Let h = 61 - 50. Suppose -h*c + 348 = c. What is the units digit of c?
9
Let v(w) = -265*w - 248. What is the tens digit of v(-3)?
4
Let s(t) = -t**3 + t**2 + 1. Let k(j) = -3*j**3 + 9*j**2 + 2*j - 4. Let h(n) = k(n) - 2*s(n). Let q = 7 - 0. What is the units digit of h(q)?
8
Let g(c) = -2 + 11*c + 71*c**2 + 1 - 13*c. What is the tens digit of g(-1)?
7
Let z(j) = -16*j + 9. Let q(a) = a**3 + 9*a**2 - 2*a - 21. Let x be q(-9). What is the units digit of z(x)?
7
Let y = 2330 - 889. What is the units digit of y?
1
Let k be (-11)/(-4) + (-11)/(-44). Let l = -39 - -42. Suppose 0 = -2*h + k*c + 111, -42 - 102 = -l*h - 3*c. What is the units digit of h?
1
Suppose -50*s + 38*s + 6120 = 0. What is the tens digit of s?
1
Let r(b) = -b - b - 13 - 3*b - 2*b. What is the units digit of r(-8)?
3
Suppose -a - 5 = -2*a. What is the units digit of a + -3 + (-36)/(-2)?
0
Let g be ((-3)/(-6))/(1/(-4)). What is the units digit of (-1 - g) + (1 - -28)?
0
Let b = -801 + 863. What is the tens digit of b?
6
Suppose -p = 62 - 393. What is the hundreds digit of p?
3
Let k = 995 + -518. What is the units digit of k?
7
Suppose -3*w = 5*y - 5*w - 2394, 0 = 3*y - 2*w - 1438. What is the tens digit of y?
7
Suppose 13*z - 8976 = -3*z. Suppose -l - 5*u + 945 = 4*l, -5*u + z = 3*l. What is the units digit of l?
2
Suppose 6*b - 5*b = 0. Suppose b = 5*k - 13 - 7. What is the tens digit of 2 - k - 38/(-2)?
1
Let v be (-4)/(7 + -3) + 98. Suppose 6*n = v + 137. What is the units digit of n?
9
What is the tens digit of (154/55)/(1/50)?
4
Let m(i) = 11*i + 1. Suppose 5*w = 2*o + 5, -o + w - 4 = -3. Suppose o = 3*g + 1 - 7. What is the units digit of m(g)?
3
Suppose -10032 = 74*j - 85*j. What is the units digit of j?
2
What is the hundreds digit of (-2)/12 - (-848910)/180?
7
Let j(w) = w**2 + 3*w + 2. Let c be (-2 - (-8)/2) + 4. What is the tens digit of j(c)?
5
Let f = -700 - -1824. What is the thousands digit of f?
1
What is the tens digit of (13 - (-35)/(-5))*(-403)/(-2)?
0
Let p(t) = 2*t + 9. Let n(y) = 9*y + 46. Let m(a) = 2*n(a) - 11*p(a). Let r(u) = -u**3 - 12*u**2 - 12*u - 15. Let f be r(-11). What is the units digit of m(f)?
9
Let s = -1050 - -1591. What is the tens digit of s?
4
Let z(b) = 5*b**2 + 6*b + b - b**3 + 4 + 2*b - 2*b. Let n be z(6). Suppose n = k + 1. What is the units digit of k?
9
Suppose -4*m + 16 = 4*h, -5*h + 16 = 3*m + m. Suppose -2*q - 2*p + 448 = h, 0*q = 5*q + p - 1100. What is the tens digit of q?
1
Suppose -4*v - 9 + 29 = 0. Suppose 103 = -4*b + v*b. What is the units digit of b?
3
Suppose -11 = 2*b - 3*o, 4*b + 0*b - 4*o = -12. Suppose 8 = 2*x + m - 88, 3*x - b*m - 144 = 0. Suppose -x = 5*v - 178. What is the tens digit of v?
2
What is the units digit of 6405/120 - 15/40?
3
Suppose s = -2*s. Let g = s + 7. Suppose 77 - g = 5*j. What is the units digit of j?
4
Suppose 27*g + 166582 = 53*g. What is the thousands digit of g?
6
Suppose -6198 = -7*w + 3147. What is the tens digit of w?
3
Let b(h) = h**2 - 19*h - 60. Let f be b(18). Let w = f + 184. What is the hundreds digit of w?
1
Let d = 265 - 225. What is the tens digit of d?
4
Let i(u) = -3*u + 22. Let h be i(-11). What is the tens digit of 1/(1/h - 0)?
5
Let x(c) = -c**3 + 3*c**2 + 4*c - 1. Let o(g) = -g**3 + 6*g**2 + g - 2. Let a be o(6). Suppose -a*t = 9 - 1. What is the units digit of x(t)?
1
Suppose 167*y - 27990 = 157*y. What is the tens digit of y?
9
Let x(k) = 2*k**2 + 14*k - 4*k + 3*k - 3*k**2 - 12. What is the units digit of x(8)?
8
What is the units digit of (5 + -9 + 1)*377/(-3)?
7
Let t be 4/16 + (4908/16 - -4). Let y = t - 44. What is the tens digit of y?
6
Suppose -2*p + 3 = 5*z, 4*p + 4*z - z - 27 = 0. Let c(i) = 0*i + 5*i + 19 + i - 4*i. What is the tens digit of c(p)?
3
Suppose 2*s + 4 = 0, 2*s + 3883 = y + 835. What is the thousands digit of y?
3
Let a be 6*((-26)/6 + 4 + 0). What is the units digit of 10/(0 - a)*732/30?
2
Suppose -5*u + 4*p = -703, -4*p = -4*u - 0*p + 564. Suppose -3*s = -2*w - 7*s + 90, -u = -3*w - 5*s. What is the tens digit of w?
5
Let h(c) be the first derivative of c**2/2